*x + f*x + u. List the prime factors of x.
37
Let x be 90/2*(-2)/(-6). Let k = 16 - x. Suppose -17 = -y + k. What are the prime factors of y?
2, 3
Suppose -403 = -9*b + 371. Suppose 4*g = -0*g + 3*w + 359, 2*w + b = g. What are the prime factors of g?
2, 23
Let r be (-52)/(-14) - 2/(-7). Let l = r + 5. Suppose 4*x - 3*x - l = 0. What are the prime factors of x?
3
Let r(f) = 10*f - 4*f + 0 + 2 + 8*f. Let x be r(2). List the prime factors of x - (-1)/(3/(-12)).
2, 13
Let x = 11376 + -6051. List the prime factors of x.
3, 5, 71
Let r be (-4025)/(-20) + 4/(-16). Suppose r = 3*x - 4*w, 2*x - 56 = w + 78. What are the prime factors of x?
67
Let f = -983 + 2208. List the prime factors of f.
5, 7
Suppose 0 = -3*r + 39 + 12. Let g = r + -14. Suppose 2*j - 19 = -j - z, -4*j + 17 = g*z. What are the prime factors of j?
2
Let k = -13 - -13. Suppose k*x + x - r - 86 = 0, r = 0. List the prime factors of x.
2, 43
Let n(r) = -3*r**2 - 14*r - 5. Let j be n(-4). Let v(m) = 2*m**2 + 8*m + 4. Let p be v(-6). List the prime factors of j*4/24*p.
2, 7
Suppose -4*u = -7 + 3. Let t = 6 + u. Suppose t*y - 2*y = 25. List the prime factors of y.
5
Suppose -4 + 0 = 4*l. Let z be ((-8 - -4) + 4)/l. Suppose -3*w + z*w - 5*f = -28, w + 5*f = 6. List the prime factors of w.
11
Let d(x) = x - 28. List the prime factors of d(31).
3
Suppose -2*x + 3*x - 2*g = 167, -g = 3*x - 494. Suppose -2*o - x = -5*o. Suppose -n + 2*a - 6 = -28, 5*a - o = -3*n. What are the prime factors of n?
2, 5
Let u be 9/(-15) + 1656/10. Let d be 6*(-1)/(-2) - u. What are the prime factors of (6/18)/((-2)/d)?
3
Let l(c) = -8*c + 11. Suppose 4*b + 24 = -2*r, 4*b = -5*r - 0*b - 36. What are the prime factors of l(r)?
43
Let s = -239 - -165. Let t be -50 - (-5 - -4 - -2). Let j = t - s. What are the prime factors of j?
23
Let f(x) = -2*x**2 + 8*x - 5. Let u(c) = 5*c**2 - 17*c + 10. Let h(s) = -7*f(s) - 3*u(s). Let j be h(-15). Let d = -85 - j. List the prime factors of d.
2, 3, 5
Suppose 3*s = 2*s, 5*k = -5*s + 1335. List the prime factors of k.
3, 89
Let k = 19 + -43. Let z be (-1828)/k + (-1)/6. List the prime factors of z/12*(2 - -1).
19
Let f = -169 + 251. Suppose -f = 4*k + 2*g, 36 = -k - 2*g + 11. Let w = 41 + k. What are the prime factors of w?
2, 11
Suppose 0 = 5*t - 31 - 54. Let i be (-2)/8 + t/4. Suppose -h + 80 = i*h. List the prime factors of h.
2
Let d = 371 + -237. Suppose 4*z - n - d = -3*n, -z = -4*n - 11. List the prime factors of z.
31
Suppose 11*q - 18202 - 22223 = 0. List the prime factors of q.
3, 5, 7
Suppose -4*g = -g. Suppose -3*o = -g*o. Let c = o + 5. List the prime factors of c.
5
Suppose -7*k + 5*k = 112. Let o be k/(-24) + (-1)/3. What are the prime factors of 31 - (0/4 + o)?
29
Let h(j) = 4*j + 2 + 4*j - 4*j - 5. Let l be h(7). Suppose -3*n - t - l = -4*n, 0 = -5*t + 20. What are the prime factors of n?
29
Let m = -163 - -363. Suppose -d - 386 = -3*x + 258, -x + 4*d = -m. List the prime factors of x.
2, 3
Suppose 0 = 28*x - 33*x + 2760. Suppose 0*w + 2*w - 3*g = x, -2*g - 828 = -3*w. List the prime factors of w.
2, 3, 23
Suppose -266 + 14 = 7*s. Let j be 3 + -2 - (-56 + -1). Let u = s + j. List the prime factors of u.
2, 11
Suppose -3*h - 1855 = 575. What are the prime factors of (-9)/(h/12) + (-5486)/(-30)?
3, 61
Let i = -329 - -519. What are the prime factors of i?
2, 5, 19
Suppose -8 = -3*x - 2. Let r be 116/10*5/x. Suppose -r = -b - 12. List the prime factors of b.
17
Let b(p) = p**3 + 4*p**2 - 12*p - 5. What are the prime factors of b(-5)?
2, 3, 5
Suppose 2*y = -3*k + 780 + 1110, -1918 = -2*y + 4*k. List the prime factors of y.
3, 317
Suppose -4*d + 3008 = -2*b - b, -4*b = d - 752. What are the prime factors of d?
2, 47
Let h be 10/(-8)*(5 - -2223). What are the prime factors of (-3)/(-5) - 2/(50/h)?
2, 7
Let c(n) = n**2 + 9*n - 3. Suppose 4 = -2*d, 3*x - 3 = 2*d + 10. Suppose x*z = -2*w - 29 - 7, -5*z = w + 53. What are the prime factors of c(z)?
7
Let n(z) = -2*z + 1. Let g be n(-4). Let s(f) be the third derivative of f**4/24 + 3*f**3/2 - 64*f**2. List the prime factors of s(g).
2, 3
Let l = -4 - -4. Suppose l = j + 39 - 0. What are the prime factors of (-1040)/j + 4/(-6)?
2, 13
Let h(b) = -53*b**2 + 2. Let r be h(-2). Let p be 1/1*r/(-6). Suppose -p - 21 = -2*o. What are the prime factors of o?
2, 7
Suppose -6*x = 219 - 9. Let b = x + 37. Suppose w - 66 = -b*a + 3*w, -5*w = a - 33. List the prime factors of a.
3, 11
Let x be (-1640)/(-12) + (-4)/6. Let y be 14/10 + (-1890)/(-25). Let g = x - y. List the prime factors of g.
59
Suppose 0 = -4*y - 17 + 169. Let p(h) = -h**2 + 8*h - 3. Let w be p(7). Suppose -w*g - 49 = -3*r - 0*r, 3*g = -r + y. What are the prime factors of r?
23
Suppose -288 = 4*i - 1468. List the prime factors of i.
5, 59
Let i(h) = 13*h**2 + 24*h + 15. Let y be i(-10). Suppose -4*b + f + 4*f = -819, 4*f - y = -5*b. What are the prime factors of b?
211
Let y(k) = 24*k + 7. Let v be (2/6)/((-8)/(-72)). List the prime factors of y(v).
79
Let v = -2289 + 4073. What are the prime factors of v?
2, 223
Let x be 32/12*3 - -2. Suppose -15*n + 700 = -x*n. What are the prime factors of n?
2, 5, 7
Suppose -k - 13 = -0*k - 2*x, -2*x = 3*k + 7. Let d be (36/(-45))/((-2)/k). List the prime factors of 21/((-1)/d*3).
2, 7
Let a(d) = -d**3 - 6*d**2 - 5*d + 7. Let j be (-2 - -2)/(-6 - -8). Suppose j*s - 15 = 3*s. What are the prime factors of a(s)?
7
Let s = -509 + 869. List the prime factors of s.
2, 3, 5
Let s(q) = q**2 + 3*q + 7. Suppose -5*h + 153 = -47. Suppose -3*l + 8*l - 5*k + h = 0, 3*k = 5*l + 36. List the prime factors of s(l).
5
Let j(t) = 5*t**2 - 23*t + 91. What are the prime factors of j(15)?
13, 67
Let k(m) be the first derivative of m**2/2 + 10*m + 4. Let c be k(-7). Suppose -2*b - c*b + 145 = 0. What are the prime factors of b?
29
Let o be (-22)/5 - (-2)/5. Let d(v) = v**2 - 9. Let x be d(o). Let n(l) = -l**2 + 11*l - 3. What are the prime factors of n(x)?
5
Suppose 3*k - 6 = -0. Suppose -3*s = 3*c - c - 32, k*s = -3*c + 13. List the prime factors of s.
2, 7
Let m(f) = -f**3 - 3*f**2 + 9*f + 20. Let y be m(-4). Suppose 11*k - 5*k - 756 = y. What are the prime factors of k?
2, 3, 7
Let m(a) = -12*a + 58. Let g(v) = 23*v - 115. Let q(u) = -2*g(u) - 5*m(u). List the prime factors of q(8).
2, 13
Let m(h) = 22*h**2 - 13*h - 104. What are the prime factors of m(-7)?
3, 5, 71
Suppose -1306 = -4*k + 970. What are the prime factors of k?
569
Let i(a) = 4*a**2 + 4*a - 31. List the prime factors of i(6).
137
Suppose 0 = x - 2*f - 32 + 4, 0 = -4*f - 12. Suppose -x*i + 24*i = 24. What are the prime factors of (-1)/(-3) + 416/i?
5, 7
Suppose 641*z = 636*z + 16480. List the prime factors of z.
2, 103
Let a be 12/30 + (-36)/(-10). Suppose -5*r - 213 = -4*j, 2*j + 2*r = a*j - 106. Let f = j - 29. List the prime factors of f.
23
Let j(f) = 171*f**3 + 2*f**2 - 35*f + 80. List the prime factors of j(3).
2, 5, 461
Suppose 2*l = 3*j - 2168, -6*j - 1450 = -8*j - l. List the prime factors of j.
2, 181
Let r(h) = h**3 + 6*h**2 - h. Let y(f) = f**3 - 4*f**2 - 5*f - 6. Let o be y(5). Let a be r(o). What are the prime factors of (a/12)/(2/68)?
17
Let l(m) = -m**3 + 9*m**2 + 3*m - 17. What are the prime factors of l(-6)?
5, 101
Let m be 15/10*(-4)/3. What are the prime factors of (-1)/m*(-5486)/(-13)?
211
Suppose -9*f + 4*f = 130. Let v = -6 - f. List the prime factors of v.
2, 5
Let g(x) = -x**2 + 5*x + 11. Let t(y) = y**2 - 6*y - 10. Let h(n) = 4*g(n) + 5*t(n). List the prime factors of h(-7).
113
Suppose r + 3*t - 4 = 0, -2*t = -3*r - r - 12. What are the prime factors of r/(((-5)/10)/(129/12))?
43
Suppose -19*k + 43965 = -31788. List the prime factors of k.
3, 443
What are the prime factors of (-1 + (-2679)/(-9))/(18/81)?
3, 5, 89
Suppose -4*u + 2*w + 20 = 0, 4*w = -5*u + w + 14. Suppose -4*y = -y + u*t - 135, -t = y - 45. List the prime factors of y.
3, 5
Let a = -16 + 31. Let m(b) = -b**3 + 14*b**2 + 17*b - 14. Let s be m(a). Let h(p) = p**3 - 17*p**2 + 17*p + 2. List the prime factors of h(s).
2, 3
Let f(o) = 2*o - 2. Let t(z) = -z**2 - z - 1. Let r(g) = f(g) + 2*t(g). Let q be r(4). Let l = -10 - q. List the prime factors of l.
2, 13
Let g be (36/(-16)*-4)/(3/18). List the prime factors of (659/9 - 2) + (-12)/g.
71
Let n be (9/12)/(7/(-28)). List the prime factors of 